{"id":26,"date":"2017-11-16T15:54:04","date_gmt":"2017-11-16T15:54:04","guid":{"rendered":"http:\/\/kastell.mikado-themes.com\/?page_id=26"},"modified":"2025-10-06T06:14:39","modified_gmt":"2025-10-06T06:14:39","slug":"hakkimizda","status":"publish","type":"page","link":"https:\/\/rizmir.com\/index.php\/hakkimizda\/","title":{"rendered":"Hakk\u0131m\u0131zda"},"content":{"rendered":"<div class=\"wpb-content-wrapper\"><p>[vc_row row_content_width=&#8221;grid&#8221; css=&#8221;.vc_custom_1759714530175{margin-top: 50px !important;padding-bottom: 112px !important;}&#8221;][vc_column offset=&#8221;vc_col-lg-6&#8243;]<div class=\"mkdf-elements-holder   mkdf-two-columns  mkdf-responsive-mode-1024 mkdf-one-column-alignment-left\" ><div class=\"mkdf-eh-item   mkdf-horizontal-alignment-center \"  data-item-class=\"mkdf-eh-custom-5978\" data-768-1024=\"0px 0px 0px 0px\" data-680-768=\"0px 0px 0px 0px\" data-680=\"0px 0px 0px 0px\">\n\t<div class=\"mkdf-eh-item-inner\">\n\t\t<div class=\"mkdf-eh-item-content mkdf-eh-custom-5978\" style=\"padding: 0px 0px 0px 60px\">\n\t\t\t[vc_single_image image=&#8221;3431&#8243; img_size=&#8221;full&#8221; alignment=&#8221;center&#8221; css=&#8221;&#8221;]\t\t<\/div>\n\t<\/div>\n<\/div><\/div>[vc_empty_space][\/vc_column][vc_column offset=&#8221;vc_col-lg-6&#8243;]<div class=\"mkdf-elements-holder   mkdf-one-column  mkdf-responsive-mode-768 \" ><div class=\"mkdf-eh-item    \"  data-item-class=\"mkdf-eh-custom-9889\" data-1280-1600=\"40px 8% 0px 5px\" data-1024-1280=\"15px 0% 0px 12px\" data-768-1024=\"15px 0% 0px 12px\" data-680-768=\"15px 0% 0px 0px\" data-680=\"15px 0% 0px 0px\">\n\t<div class=\"mkdf-eh-item-inner\">\n\t\t<div class=\"mkdf-eh-item-content mkdf-eh-custom-9889\" style=\"padding: 32px 3% 0px 24px\">\n\t\t\t<div class=\"mkdf-section-title-holder  mkdf-st-standard mkdf-st-title-left mkdf-st-normal-space \" style=\"text-align: left\">\n\t<div class=\"mkdf-st-inner\">\n        \t\t\t\t\t<h1 class=\"mkdf-st-title\" >\n\t\t\t\tHikayemiz\t\t\t<\/h1>\n\t\t        \t\t\t<\/div>\n<\/div>[vc_empty_space height=&#8221;10px&#8221;][vc_column_text css=&#8221;&#8221;]<\/p>\n<p class=\"p1\">Her \u015fey, sa\u011flam temeller \u00fczerine kurulu bir g\u00fcven anlay\u0131\u015f\u0131yla ba\u015flad\u0131.<\/p>\n<p class=\"p1\">Yola \u00e7\u0131kt\u0131\u011f\u0131m\u0131z ilk g\u00fcnden bu yana, sadece yap\u0131lar de\u011fil; insanlar\u0131n i\u00e7inde huzurla ya\u015fayaca\u011f\u0131, kendini evinde hissedece\u011fi alanlar in\u015fa etmeyi hedefledik.<\/p>\n<p class=\"p1\">Zamanla edindi\u011fimiz tecr\u00fcbe, bizi modern in\u015faat teknolojileriyle bulu\u015fturdu. Bug\u00fcn Rizmir \u0130n\u015faat olarak, \u00e7a\u011f\u0131n yeniliklerini do\u011fayla uyumlu bir \u015fekilde harmanlayarak, <span class=\"s1\"><b>insan\u0131 merkeze alan yap\u0131lar<\/b><\/span> \u00fcretmeye devam ediyoruz.<\/p>\n<p class=\"p1\">Her projemizde, \u201c\u0130zmir\u2019e yak\u0131\u015f\u0131r yap\u0131lar\u201d ortaya koymak en b\u00fcy\u00fck ama\u00e7lar\u0131m\u0131zdan biri. Bu kente olan sevgimiz, bizi her zaman daha estetik, daha g\u00fc\u00e7l\u00fc ve daha ya\u015fanabilir projeler \u00fcretmeye te\u015fvik ediyor.<\/p>\n<p class=\"p1\">Biz Rizmir \u0130n\u015faat olarak, sadece binalar de\u011fil; <span class=\"s1\"><b>g\u00fcven, konfor ve ya\u015fam kalitesi<\/b><\/span> in\u015fa ediyoruz. Ge\u00e7mi\u015fin deneyimiyle gelece\u011fi \u015fekillendiriyor, do\u011faya ve insana sayg\u0131l\u0131 bir ya\u015fam\u0131n temellerini at\u0131yoruz.<\/p>\n<p>[\/vc_column_text][vc_empty_space height=&#8221;42px&#8221;]\t\t<\/div>\n\t<\/div>\n<\/div><\/div>[\/vc_column][\/vc_row][vc_row row_content_width=&#8221;grid&#8221; content_text_aligment=&#8221;center&#8221; css=&#8221;.vc_custom_1513348780914{padding-top: 143px !important;padding-bottom: 145px !important;}&#8221; simple_background_color=&#8221;#ffffff&#8221;][vc_column]<div class=\"mkdf-elements-holder   mkdf-one-column  mkdf-responsive-mode-768 \" ><div class=\"mkdf-eh-item    \"  data-item-class=\"mkdf-eh-custom-4500\" data-1280-1600=\"0% 6%\" data-1024-1280=\"0% 5%\" data-768-1024=\"0% 5%\" data-680-768=\"0% 0%\" data-680=\"0% 0%\">\n\t<div class=\"mkdf-eh-item-inner\">\n\t\t<div class=\"mkdf-eh-item-content mkdf-eh-custom-4500\" style=\"padding: 0% 13%\">\n\t\t\t<div class=\"mkdf-section-title-holder  mkdf-st-standard mkdf-st-title-left mkdf-st-normal-space \" style=\"text-align: center\">\n\t<div class=\"mkdf-st-inner\">\n                    <h6 class=\"mkdf-st-subtitle\" >\n                \u0130leti\u015fim            <\/h6>\n        \t\t\t\t\t<h1 class=\"mkdf-st-title\" >\n\t\t\t\tNeler Yap\u0131yoruz ?\t\t\t<\/h1>\n\t\t        <div class=\"mkdf-svg-separator-holder mkdf-svg-separator-small\">\n    <div class=\"mkdf-svg-separator mkdf-svg-frames-class\" data-svg-frames=\"15\" data-svg-drawing=\"yes\" >\n        <svg version=\"1.1\"  id=\"layer_488\" xmlns=\"http:\/\/www.w3.org\/2000\/svg\" xmlns:xlink=\"http:\/\/www.w3.org\/1999\/xlink\" x=\"0px\" y=\"0px\"\n             width=\"65.167px\" height=\"11.917px\" viewBox=\"0 0 65.167 11.917\" enable-background=\"new 0 0 65.167 11.917\" xml:space=\"preserve\">\n            <path fill=\"none\" stroke=\"#010101\" stroke-width=\"1\" stroke-miterlimit=\"3\" d=\"M1.045,9.833 9.295,2.083 17.295,9.833\n            24.295,2.083 32.291,9.833 39.294,2.083 47.294,9.833 54.294,2.083 64.287,9.833 \"\/>\n        <\/svg>\n    <\/div>\n<\/div>\t\t\t<\/div>\n<\/div>[vc_empty_space height=&#8221;10px&#8221;][vc_column_text css=&#8221;.vc_custom_1759725822720{padding-right: 50px !important;padding-left: 50px !important;}&#8221;]<\/p>\n<div class=\"wpb_text_column wpb_content_element vc_custom_1651728190444\">\n<div class=\"wpb_wrapper\">\n<h5 style=\"text-align: center;\">\u00d6zellikle ba\u015fta g\u00fczide \u015fehrimiz \u0130zmir olmak \u00fczere T\u00fcrkiye\u2019de in\u015faat ve sanayi sekt\u00f6r\u00fcnde faaliyet g\u00f6stermekteyiz. Y\u0131llar\u0131n i\u015f deneyimi ile modern mimari ilkelerini takip ederek her ge\u00e7en g\u00fcn daha iyisini yapmak ve kendimizi geli\u015ftirmek i\u00e7in \u00e7al\u0131\u015fmaktay\u0131z. Bizi takip etmeyi unutmay\u0131n.<\/h5>\n<\/div>\n<\/div>\n<p>[\/vc_column_text][vc_empty_space height=&#8221;55px&#8221;]<a itemprop=\"url\" href=\"https:\/\/rizmir.com\/index.php\/iletisim\/\" target=\"_self\"  class=\"mkdf-btn mkdf-btn-medium mkdf-btn-solid mkdf-btn-icon\"  >\n    <span class=\"mkdf-btn-text\">\u0130leti\u015fime Ge\u00e7<\/span>\n    <span aria-hidden=\"true\" class=\"mkdf-icon-font-elegant arrow_carrot-2right \" ><\/span><\/a>\t\t<\/div>\n\t<\/div>\n<\/div><\/div>[\/vc_column][\/vc_row]<\/p>\n<\/div>","protected":false},"excerpt":{"rendered":"<p>[vc_row row_content_width=&#8221;grid&#8221; css=&#8221;.vc_custom_1759714530175{margin-top: 50px !important;padding-bottom: 112px !important;}&#8221;][vc_column offset=&#8221;vc_col-lg-6&#8243;][vc_empty_space][\/vc_column][vc_column offset=&#8221;vc_col-lg-6&#8243;][\/vc_column][\/vc_row][vc_row row_content_width=&#8221;grid&#8221; content_text_aligment=&#8221;center&#8221; css=&#8221;.vc_custom_1513348780914{padding-top: 143px !important;padding-bottom: 145px !important;}&#8221; simple_background_color=&#8221;#ffffff&#8221;][vc_column][\/vc_column][\/vc_row]<\/p>\n","protected":false},"author":1,"featured_media":0,"parent":0,"menu_order":0,"comment_status":"closed","ping_status":"closed","template":"full-width.php","meta":{"footnotes":""},"class_list":["post-26","page","type-page","status-publish","hentry"],"_links":{"self":[{"href":"https:\/\/rizmir.com\/index.php\/wp-json\/wp\/v2\/pages\/26","targetHints":{"allow":["GET"]}}],"collection":[{"href":"https:\/\/rizmir.com\/index.php\/wp-json\/wp\/v2\/pages"}],"about":[{"href":"https:\/\/rizmir.com\/index.php\/wp-json\/wp\/v2\/types\/page"}],"author":[{"embeddable":true,"href":"https:\/\/rizmir.com\/index.php\/wp-json\/wp\/v2\/users\/1"}],"replies":[{"embeddable":true,"href":"https:\/\/rizmir.com\/index.php\/wp-json\/wp\/v2\/comments?post=26"}],"version-history":[{"count":4,"href":"https:\/\/rizmir.com\/index.php\/wp-json\/wp\/v2\/pages\/26\/revisions"}],"predecessor-version":[{"id":3542,"href":"https:\/\/rizmir.com\/index.php\/wp-json\/wp\/v2\/pages\/26\/revisions\/3542"}],"wp:attachment":[{"href":"https:\/\/rizmir.com\/index.php\/wp-json\/wp\/v2\/media?parent=26"}],"curies":[{"name":"wp","href":"https:\/\/api.w.org\/{rel}","templated":true}]}}